?
0
What is the thousands digit of 23157?
3
What is the thousands digit of 1059?
1
What is the thousands digit of 37351?
7
What is the thousands digit of 2961?
2
What is the tens digit of 3482?
8
What is the tens digit of 12371?
7
What is the tens digit of 4668?
6
What is the thousands digit of 19198?
9
What is the ten thousands digit of 18325?
1
What is the units digit of 3493?
3
What is the thousands digit of 43467?
3
What is the hundreds digit of 8534?
5
What is the ten thousands digit of 15086?
1
What is the units digit of 890?
0
What is the units digit of 73?
3
What is the hundreds digit of 232?
2
What is the hundreds digit of 7500?
5
What is the thousands digit of 59876?
9
What is the hundreds digit of 3085?
0
What is the units digit of 427?
7
What is the thousands digit of 84360?
4
What is the tens digit of 2304?
0
What is the units digit of 10903?
3
What is the hundreds digit of 5247?
2
What is the tens digit of 14536?
3
What is the units digit of 26972?
2
What is the units digit of 9195?
5
What is the hundreds digit of 577?
5
What is the thousands digit of 6735?
6
What is the units digit of 347?
7
What is the ten thousands digit of 10136?
1
What is the ten thousands digit of 11506?
1
What is the ten thousands digit of 22083?
2
What is the tens digit of 6642?
4
What is the tens digit of 1513?
1
What is the tens digit of 30341?
4
What is the units digit of 344?
4
What is the units digit of 9669?
9
What is the tens digit of 37?
3
What is the ten thousands digit of 11602?
1
What is the thousands digit of 17015?
7
What is the tens digit of 1206?
0
What is the ten thousands digit of 11413?
1
What is the thousands digit of 3014?
3
What is the units digit of 16751?
1
What is the units digit of 809?
9
What is the units digit of 118329?
9
What is the hundreds digit of 5502?
5
What is the hundreds digit of 2572?
5
What is the units digit of 58329?
9
What is the hundreds digit of 978?
9
What is the ten thousands digit of 18891?
1
What is the thousands digit of 1971?
1
What is the hundreds digit of 1028?
0
What is the thousands digit of 1012?
1
What is the tens digit of 1593?
9
What is the hundreds digit of 11561?
5
What is the hundreds digit of 300?
3
What is the thousands digit of 4840?
4
What is the thousands digit of 71769?
1
What is the tens digit of 18011?
1
What is the units digit of 32864?
4
What is the tens digit of 29531?
3
What is the units digit of 17324?
4
What is the hundreds digit of 1106?
1
What is the units digit of 8059?
9
What is the tens digit of 47604?
0
What is the hundreds digit of 2621?
6
What is the ten thousands digit of 24744?
2
What is the thousands digit of 2911?
2
What is the tens digit of 390?
9
What is the units digit of 4350?
0
What is the hundreds digit of 5350?
3
What is the thousands digit of 2332?
2
What is the hundreds digit of 687?
6
What is the units digit of 3423?
3
What is the hundreds digit of 596?
5
What is the ten thousands digit of 12106?
1
What is the hundreds digit of 953?
9
What is the units digit of 26?
6
What is the units digit of 1226?
6
What is the tens digit of 8947?
4
What is the ten thousands digit of 18937?
1
What is the units digit of 13496?
6
What is the units digit of 3898?
8
What is the tens digit of 11813?
1
What is the hundreds digit of 1019?
0
What is the ten thousands digit of 14954?
1
What is the hundreds digit of 6370?
3
What is the hundreds digit of 991?
9
What is the hundreds digit of 951?
9
What is the tens digit of 13044?
4
What is the thousands digit of 1723?
1
What is the thousands digit of 1336?
1
What is the hundreds digit of 11267?
2
What is the units digit of 69509?
9
What is the hundreds digit of 416?
4
What is the ten thousands digit of 191185?
9
What is the units digit of 2437?
7
What is the thousands digit of 2468?
2
What is the tens digit of 16979?
7
What is the hundreds digit of 9848?
8
What is the hundreds digit of 7132?
1
What is the units digit of 3798?
8
What is the tens digit of 689?
8
What is the units digit of 10641?
1
What is the units digit of 2001?
1
What is the tens digit of 199?
9
What is the tens digit of 654?
5
What is the hundreds digit of 59807?
8
What is the tens digit of 8925?
2
What is the thousands digit of 7589?
7
What is the units digit of 1925?
5
What is the tens digit of 3040?
4
What is the tens digit of 27455?
5
What is the thousands digit of 96537?
6
What is the thousands digit of 30689?
0
What is the tens digit of 116?
1
What is the tens digit of 2602?
0
What is the thousands digit of 5426?
5
What is the tens digit of 1477?
7
What is the tens digit of 7062?
6
What is the ten thousands digit of 115271?
1
What is the units digit of 16263?
3
What is the tens digit of 7075?
7
What is the units digit of 3688?
8
What is the ten thousands digit of 29648?
2
What is the hundreds digit of 24100?
1
What is the units digit of 12597?
7
What is the thousands digit of 6030?
6
What is the ten thousands digit of 11282?
1
What is the units digit of 5896?
6
What is the units digit of 14051?
1
What is the tens digit of 1981?
8
What is the hundreds digit of 4924?
9
What is the hundreds digit of 6757?
7
What is the tens digit of 120?
2
What is the thousands digit of 3170?
3
What is the units digit of 6274?
4
What is the hundreds digit of 520?
5
What is the tens digit of 8250?
5
What is the ten thousands digit of 106664?
0
What is the hundreds digit of 1561?
5
What is the thousands digit of 28583?
8
What is the hundreds digit of 272?
2
What is the tens digit of 130?
3
What is the tens digit of 4942?
4
What is the tens digit of 62?
6
What is the tens digit of 341?
4
What is the thousands digit of 103313?
3
What is the tens digit of 3971?
7
What is the hundreds digit of 4189?
1
What is the units digit of 707?
7
What is the tens digit of 59?
5
What is the hundreds digit of 7454?
4
What is the tens digit of 952?
5
What is the thousands digit of 3399?
3
What is the tens digit of 342?
4
What is the units digit of 40510?
0
What is the units digit of 65947?
7
What is the tens digit of 155?
5
What is the thousands digit of 5732?
5
What is the tens digit of 7350?
5
What is the units digit of 4826?
6
What is the hundreds digit of 1227?
2
What is the tens digit of 3579?
7
What is the tens digit of 3344?
4
What is the units digit of 3932?
2
What is the thousands digit of 1680?
1
What is the units digit of 10676?
6
What is the thousands digit of 10618?
0
What is the tens digit of 11802?
0
What is the units digit of 979?
9
What is the units digit of 56617?
7
What is the hundreds digit of 1705?
7
What is the tens digit of 222?
2
What is the tens digit of 606?
0
What is the ten thousands digit of 26985?
2
What is the thousands digit of 3368?
3
What is the hundreds digit of 18012?
0
What is the hundreds digit of 1261?
2
What is the tens digit of 49093?
9
What is the ten thousands digit of 11924?
1
What is the thousands digit of 7447?
7
What is the thousands digit of 1232?
1
What is the thousands digit of 119552?
9
What is the units digit of 7?
7
What is the hundreds digit of 7026?
0
What is the tens digit of 26471?
7
What is the tens digit of 9655?
5
What is the units digit of 8586?
6
What is the hundreds digit of 750?
7
What is the hundreds digit of 12656?
6
What is the thousands digit of 2907?
2
What is the units digit of 1034?
4
What is the thousands digit of 68523?
8
What is the units digit of 4425?
5
What is the hundreds digit of 110?
1
What is the ten thousands digit of 15136?
1
What is the thousands digit of 6948?
6
What is the hundreds digit of 13266?
2
What is the thousands digit of 2214?
2
What is the ten thousands digit of 16788?
1
What is the units digit of 7887?
7
What is the ten thousands digit of 39571?
3
What is the ten thousands digit of 33415?
3
What is the units digit of 7254?
4
What is the thousands digit of 1167?
1
What is the thousands digit of 4372?
4
What is the tens digit of 55421?
2
What is the units digit of 1755?
5
What is the units digit of 9866?
6
What is the hundreds digit of 2163?
1
What is the hundreds digit of 24891?
8
What is the tens digit of 28959?
5
What is the ten thousands digit of 38391?
3
What is the tens digit of 747?
4
What is the units digit of 183?
3
What is the tens digit of 874?
7
What is the units digit of 2482?
2
What is the 